se 0 = 330*q - 335*q - 5*v + 117520, q + 3*v - 23522 = 0. List the prime factors of q.
5, 37, 127
Suppose 15*b - 245152 = 144682 - 101009. What are the prime factors of b?
5, 3851
Suppose -3*n + 584 = -2*f, 0 = 5*n - 0*n - f - 985. Let g = -461 - -366. Let p = n + g. What are the prime factors of p?
103
Let a(r) = -1326*r + 24825. What are the prime factors of a(0)?
3, 5, 331
Let c(b) = -5*b + 6. Let n be c(6). Let s be (-4 - 2)*4/n*2. Suppose -5*q = 4*d, 5*q - s*q = -3*d + 3. What are the prime factors of d?
5
Let z(k) be the second derivative of -k**4/12 - 7*k**3/6 - 2*k**2 + 9*k. Let g be z(-4). Let o(v) = 4*v**2 - 17*v + 4. List the prime factors of o(g).
2, 31
Let w(v) = 1524*v + 703. List the prime factors of w(2).
11, 31
Let d be 2 + (-3)/6*-2. Let w(z) = 6*z + 313. Let p be w(-51). Suppose 5*x - 735 = 2*c - p*c, -d*x - 5*c = -441. What are the prime factors of x?
3, 7
Let u(r) = -6*r - 5*r - 3 + 4*r + 0. Let f be u(-1). List the prime factors of f*2/24 - (-167)/3.
2, 7
Suppose 61*s + 29*s - 978137 - 399853 = 0. List the prime factors of s.
61, 251
What are the prime factors of (2752/(-320) - 2/5) + 2009?
2, 5
Suppose l + 3*b = 14, -4*l - 5 = -8*l + 5*b. Suppose -6*y + l*w = -5*y - 51, -2*w + 201 = 5*y. List the prime factors of y.
41
Let w = 624 + -618. Let l(m) = 22*m**2 - 9*m - 14. List the prime factors of l(w).
2, 181
Let z(w) = 2*w**3 - 91*w**2 + 68*w + 128. What are the prime factors of z(45)?
1163
Let i(h) = h**2 - 20*h + 8. Let n be i(20). Suppose n = -8*a + 10*a. Suppose a*y - 514 = -30. List the prime factors of y.
11
Let o be 2/8*17 + 24/(-96). Suppose -311 = -3*c + 64. Suppose 0 = j + o*j - c. List the prime factors of j.
5
Let x(g) = -g. Suppose 7 + 2 = -b + 2*t, 3 = 4*b + 5*t. Let a be x(b). What are the prime factors of (-2)/12 - (a - 1670/12)?
2, 17
Let c(g) = -g**2 + 6*g + 5. Let r be c(5). Suppose -2*u - 5*n = r, 2*u - n - 2 = -0*u. Suppose u = 4*f - 56 - 28. List the prime factors of f.
3, 7
Let k(h) = 12*h + 14. Let c be k(-6). Let j = c - -60. Suppose -l - 4*p = -55, 7*l + p = j*l + 218. What are the prime factors of l?
43
Let k(r) = -r**2 - 81*r**3 + 4 - 6*r - 3*r + 4*r. Let l(x) = -81*x**3 - x**2 - 6*x + 5. Let v(q) = 5*k(q) - 4*l(q). List the prime factors of v(-1).
3
Let v(b) = -27*b - 274. Suppose -35*h + 225 = 1030. What are the prime factors of v(h)?
347
Let l(n) = 0*n**3 - 2*n**3 - n**3 + 2*n**2 - 33 + 188 - 2*n. List the prime factors of l(0).
5, 31
Let q = 6893 - -10998. What are the prime factors of q?
17891
Suppose -2141 = -u + 3237 + 8728. What are the prime factors of u?
2, 3, 2351
Let g(y) = -5*y**3 - 4*y**2 + 2*y + 7. Suppose 11 = -5*d - 9. What are the prime factors of g(d)?
3, 5, 17
Suppose 9*s - 18174 = 20688. List the prime factors of s.
2, 17, 127
Suppose 0 = -g + 5*l - 1, 5*l - 1 - 24 = 5*g. Let u = 6 - g. List the prime factors of -2 + (-3)/(u/(-388)).
5, 19
Let a = -20 + 16. Let m be (1 - 3)/(0 - a/(-18)). What are the prime factors of 6/m*(-228)/(-8)?
19
Let d be (-48)/(-9) + 4/(-3). What are the prime factors of d + -5 - 6 - -198?
191
Let o be (-2 + 1)*(-2 - 189). Suppose 0 = 4*f - o - 137. Suppose 22 = -2*s + f. What are the prime factors of s?
2, 3, 5
Let x = -5202 + 5167. Let h be (9/6)/((-2)/40). Let y = h - x. List the prime factors of y.
5
Let i(t) = t - 4. Let z(s) = -9*s + 35. Let o(b) = 3*b - 12. Let w(c) = -11*o(c) - 4*z(c). Let q be w(5). List the prime factors of i(q).
3
Let l(v) be the first derivative of -v**4/4 - 13*v**3/3 - 13*v**2/2 - 21*v - 123. What are the prime factors of l(-13)?
2, 37
Suppose 240352 = -50*z + 87*z. What are the prime factors of z?
2, 7, 29
Suppose 60*n - 66*n + 2232 = 0. Suppose -n = -l - 116. What are the prime factors of l?
2
Suppose 80*t = 4*c + 78*t - 85566, 6*t = -4*c + 85590. List the prime factors of c.
3, 2377
Let v(n) = 7*n + 20. Let w = -13 + 19. Let d be v(w). Let o = -49 + d. List the prime factors of o.
13
Let f(r) = 6*r**2 + 3*r - 2. Let v be f(1). Suppose -149 = -v*k + 6*k. What are the prime factors of k?
149
Let w = -86 - -193. Suppose -2*j = 5*d - 5*j - 545, w = d - j. Let i = d + 51. List the prime factors of i.
163
Let g be -3 - ((-3)/(-6)*-4 - 9). Suppose -4*b + 4 - g = 0. List the prime factors of (2/(-5))/(b/10).
2
Let d(v) = 5*v. Let r be d(-1). Let t(g) be the third derivative of -11*g**4/8 + 11*g**3/3 + 85*g**2. List the prime factors of t(r).
11, 17
Let a(h) = -3*h**2 - 24*h - 59. Let d be a(-22). Let l = 2061 + d. What are the prime factors of l?
2, 7, 11
Let q = -630 + -1056. Let y = q - -2940. List the prime factors of y.
2, 3, 11, 19
Let i(m) = -3*m**3 - 5*m**2 + 73*m + 815. What are the prime factors of i(-13)?
2, 23, 61
Let i(v) = 107*v**2 + 30*v - 33. Let f be i(18). List the prime factors of f/120 + (-3)/24.
293
Let c be (-4)/(777/(-6118) - 4/(-38)). Let v = c + -75. List the prime factors of v.
109
Suppose -4*d = 9 - 45. Let p be 3*(21/d + -2)*19. Suppose -17*t = -p*t + 172. What are the prime factors of t?
2, 43
Suppose -3*o + 1794 + 7415 = 2*q, -13812 = -3*q - 5*o. List the prime factors of q.
11, 419
Suppose 0*l + 3*l = -2*u + 1, -3*u - 12 = 0. Let g be 2/6 - (l - 20/(-6)). What are the prime factors of ((-6)/(-14))/(g/4)*-7?
2
Let l be (-2 + 5 - 2)/((-723)/5061). Let q(z) be the third derivative of z**6/120 + z**5/5 - z**4/4 - 4*z**3/3 + z**2. List the prime factors of q(l).
3, 31
Suppose -7*l + 3793 + 10620 = 0. Suppose -20 = -21*s + l. List the prime factors of s.
3, 11
Suppose -13*s = -9*s + 536. What are the prime factors of (11*s)/((4 - 8)/2)?
11, 67
Suppose -36 + 2 = -f. Suppose 27*v = f*v - 2149. What are the prime factors of v?
307
Let u = 4427 - -6479. List the prime factors of u.
2, 7, 19, 41
Let x = 108 - 104. Suppose -2*v + 581 = 4*c - 1819, 0 = -x*c + 4*v + 2412. Suppose 45 = -4*f + c. List the prime factors of f.
139
Suppose -2*j = 3*n - 47542, n + 4240 = -3*j + 75560. What are the prime factors of j?
2, 11887
Suppose -124851 - 171473 = -7*i. List the prime factors of i.
2, 19, 557
Suppose 6*r - 80427 = 98187. List the prime factors of r.
3, 9923
Suppose -h = -263 + 33. Suppose h = 2*s - 844. List the prime factors of s.
3, 179
Let f be (10*-1 - 1)/((-35)/70). Let z = -18 + f. Suppose z*d - 98 = 3*u - 470, 0 = -3*u + d + 363. What are the prime factors of u?
2, 3, 5
Let x(w) = w**2 - w - 24. Let p be x(0). Suppose 0 = -2*o + 4*o + 4. What are the prime factors of (-2156)/p - o/12?
2, 3, 5
Suppose 4*y = -4*w + 32, 2*w - y - 10 = -3*w. Suppose -w*c = -3*v + 2421, 4056 = 5*v - 3*c + 5*c. What are the prime factors of v?
2, 3, 5
Let p be 28/2 - (5 + -3). List the prime factors of (-603)/(-18)*1/(1/p).
2, 3, 67
Suppose -3*z + 30888 = -2*u, 20588 = 2*z + 7*u - 9*u. What are the prime factors of z?
2, 5, 103
Let z be 765/(-135) + 2/6*-1. What are the prime factors of 3056/32 - z/(-4)?
2, 47
Suppose -x - f = 2*x + 57, -2*x - 4*f - 28 = 0. Suppose -5*g + 4*g - 2*u + 4 = 0, 20 = 5*g - 2*u. List the prime factors of g/(x/15) - -42.
3, 13
Let w(i) be the first derivative of 8*i**3 + 4*i**2 - 3*i + 24. Let g be w(-3). Let k = g + -114. What are the prime factors of k?
3, 5
Let x(z) = -4*z - 51. Let g be x(-18). Suppose 0 = 10*v - g*v + 6930. What are the prime factors of v?
2, 3, 5, 7
Suppose -v - 1471 = 5*s - 5*v, -5*s + v = 1474. Let u = -212 - s. What are the prime factors of u?
83
Suppose 15*o - 10*o - 56424 = -3*j, o = 2*j - 37642. List the prime factors of j.
2, 97
List the prime factors of (46/(-6) - -7)/((-6)/2115).
5, 47
Suppose 2*l - 19*l - 16*l + 239349 = 0. What are the prime factors of l?
7253
Suppose 4*y + n - 16220 = 0, 5*y - 20275 = -99*n + 95*n. What are the prime factors of y?
5, 811
Suppose -d - 2 = -2*d. Let y(w) = 5*w**3 - 44*w**2 - 6*w - 12. Let h be y(9). Suppose -a + d*r + h = 0, 3*r + 60 = -2*a + 5*a. List the prime factors of a.
5
Let k(t) = -13*t**2 - 764*t + 28. List the prime factors of k(-24).
2, 2719
Suppose 13482 - 44136 = -5*r + 3*b, r + b - 6134 = 0. What are the prime factors of r?
2, 3, 7, 73
Let o be (-6 - 27/(-6))*120/9. What are the prime factors of (-1182)/(-4) + -2*(-15)/o?
2, 3, 7
Suppose -3*b + 229 - 37 = 0. Suppose -25*i + 26*i - 2 = 0. What are the prime factors of (10/20)/(i/b)?
2
Suppose -2*t = t - 3945 - 19038. What are the prime factors of t?
47, 163
Let g =